. What is the highest common factor of 32 and g?
16
Let g = -3454 + 6334. What is the highest common factor of 30 and g?
30
Let r(j) = 2*j - 12. Suppose -8*h = -3*h - 40. Let v be r(h). Suppose -2*d = -11*d + 9. Calculate the greatest common factor of v and d.
1
Suppose -2*k = -2*j - 16, -17*k + 20*k - 64 = -2*j. What is the greatest common factor of 19 and k?
1
Let f be 4/((-64)/(-12) + -5). Let v be (235 - (-36)/f) + -3*1. What is the highest common factor of v and 94?
47
Suppose 0 = -0*h - 4*h + 2*k - 66, -3*h - 36 = 3*k. Let q be (-55)/6*(9 + h). Calculate the greatest common divisor of q and 10.
5
Let y be 1292/(-16) - 1/4. Let g be -7*(y/7 - -3). Suppose -3*t - 2*s - 2*s + 266 = 0, 5*t = s + 451. What is the highest common factor of g and t?
30
Let s(y) = 2*y**3 + 18*y**2 + 17*y + 20. Let f be s(-8). What is the greatest common factor of f and 1668?
12
Let l(n) = n**3 + 8*n**2 - 28*n + 47. Let s be l(-11). Suppose 4*v = v + 30. Let c be (s/v)/(-2) - 669/(-15). Calculate the greatest common factor of c and 27.
9
Suppose 25*s - 13*s = 31392. What is the highest common factor of s and 24?
24
Suppose -87 = -s + 167. Calculate the greatest common factor of 10414 and s.
254
Suppose 0 = -x - 3*z + 7, -5*x + 4*z + 35 = 6*z. Suppose -q - 3*w + 386 = -x*w, -5*w + 368 = q. What is the greatest common factor of q and 28?
14
Let r be ((-50)/(-6) + 3)*3. Let f be (-680)/14*(15/(-6) + -1). What is the highest common factor of f and r?
34
Let z = 1291 + -789. Let h = -364 + z. Calculate the highest common factor of 6 and h.
6
Let y be (-248)/(-93)*6090/4 - (-3 + 9). What is the greatest common factor of y and 2?
2
Let x(g) = -32*g + 0 - 27*g + 5 + 20*g. Let d be x(-2). Suppose p - 42 = -4*u, d - 6 = 2*p + u. Calculate the greatest common factor of 57 and p.
19
Suppose -2*r + 153 = -z, -r + 105 = -3*z + 26. Let l = -561 + 565. What is the highest common factor of r and l?
4
Let s = 1467 + -1464. Calculate the greatest common divisor of s and 32.
1
Suppose -43395*x = -43390*x - 585. Calculate the highest common divisor of 9906 and x.
39
Suppose 2*s - 3*s = -3. Suppose -s*y - 18 = -4*y. Suppose -15*l + 19 + 1871 = 0. Calculate the highest common factor of y and l.
18
Let p(g) = 5*g**2 - 2*g - 2. Let k be p(4). Let b be (190/(-228)*2)/(0 - (-1)/(-6)). What is the highest common divisor of b and k?
10
Let m be ((-33)/(-6))/((-1)/2 - -1). Let a be (155 - m)*1/3. What is the greatest common divisor of a and 36?
12
Let q(j) = -2*j + 0*j - 3*j + 37 + 0*j. Let g be q(7). Let v = 46 + g. What is the highest common divisor of v and 6?
6
Let a be 2*3/((-6)/28). Let q = a - -28. Suppose -w + 4*w + t - 22 = q, t + 26 = 5*w. Calculate the highest common divisor of 42 and w.
6
Suppose -d - 3*c - 15 = 0, 0 = 5*d + c - 0*c + 5. Suppose 4 = -d*m - m, 4*p - 276 = -3*m. Calculate the highest common divisor of 72 and p.
72
Suppose -17*j - 3435 = -20*j + 5*v, 2290 = 2*j + 3*v. Suppose -5*q + 5*w - 4*w + 1157 = 0, -5*q - 5*w + j = 0. Calculate the greatest common factor of 21 and q.
21
Suppose 5*h = -5*b + 7*b + 20, -4*b = 4*h - 16. Let s(w) = w**3 - 5*w**2 + 9*w + 4. Let d be s(h). Calculate the highest common factor of 12 and d.
12
Let x = -284 - -776. Let k = 495 - x. Let z be -1*(1 + 0)*-3. What is the greatest common factor of k and z?
3
Suppose 4*n + 3*r = -169, r + 3*r = 3*n + 158. Let u(l) = 67*l - 1182. Let o be u(19). Let q = n + o. Calculate the highest common divisor of 9 and q.
9
Let v = 1093 - -1320. What is the highest common factor of v and 171?
19
Suppose 9*k + 16 = 5*k. Let l be (-96)/(-30)*(-10)/k. Let x(o) = o**2 + 6*o + 5. Let i be x(-7). What is the greatest common factor of i and l?
4
Let q = -3717 + 4797. What is the highest common factor of q and 288?
72
Let h be (-4)/(-18) - 80/36. Let s(w) = -2*w**3 - 5*w**2 - 4*w + 6. Let j be s(h). Calculate the highest common divisor of 1 and j.
1
Suppose w - 5*j - 347 = -0*w, 4*j = 5*w - 1798. Suppose w + 210 = o. What is the greatest common divisor of o and 44?
44
Let u be 1080/78 - 6/(-39). Let k(i) = 31*i + 1. Let j be k(2). What is the greatest common factor of u and j?
7
Suppose -5*p + 311 = h, -3*p + 83 = 4*h - 1144. What is the greatest common factor of h and 18?
18
Suppose s - 4 + 37 = 0. Let v = 48 + s. Suppose -11*g + 17*g - 30 = 0. Calculate the highest common factor of g and v.
5
Let j = 411 + -465. Let a be (-3)/((-2)/(-88)*-2). Let x = j + a. What is the greatest common factor of 4 and x?
4
Suppose 288*z - 107*z - 362 = 0. Let m be (-102)/(-8) + (-2)/(-8). Calculate the greatest common factor of z and m.
1
Let a be (-8 - 644/(-70))/((-3)/(-25)). Let w be a*57 + (0 - 4)*-1. Calculate the greatest common factor of 82 and w.
82
Suppose 0 = 2*r + l - 1658 - 12, l = 4*r - 3352. What is the greatest common factor of 81 and r?
27
Let v = 6775 - 6488. What is the highest common factor of 252 and v?
7
Suppose i = -5*r + 892, -2*r + 10 = 3*r. Let h = 350 + 37. Suppose -5*g - 2*w = -i, 4*g - 5*w - 312 - h = 0. What is the greatest common factor of g and 16?
16
Let t = 100547 - 100034. Suppose 0 = 5*g - 5*n - 110, 3*g + 4*n = n + 48. What is the highest common divisor of g and t?
19
Let w = -1835 + 835. Let o = -398 - w. What is the highest common divisor of 14 and o?
14
Let d = 3445 + -2496. Calculate the highest common factor of d and 39.
13
Suppose -8*g + 96 = 255*m - 254*m, 0 = -3*m + 3*g + 153. Calculate the highest common divisor of 749 and m.
7
Let y(p) = 4*p + 60. Let l be y(-14). Suppose 3*c = 4*j + 83, 7*j - l*j = 3*c - 87. Calculate the greatest common divisor of c and 33.
33
Suppose 2*a - 6*a + 1880 = 0. Let t be ((-15)/(3/6*123/164))/(-2). What is the greatest common factor of a and t?
10
Let n be (-21462)/(-91) - 8/(-52). Calculate the greatest common factor of 3422 and n.
118
Suppose -9 = -h + 2*y, -3*h + 16 = 4*y - 61. Suppose 7 = -n + h. Let j be n/(-3)*(-360)/16. What is the greatest common factor of j and 36?
18
Let q = -3808 + 3936. Calculate the highest common divisor of q and 3008.
64
Suppose -6*g + 8*g - 11*g = 0. Suppose 0 = -3*j - 5 + 8, 0 = -d - 2*j + 58. Suppose 5*q - 9*q + d = g. What is the highest common factor of q and 126?
14
Let f(n) = n**3 + 16*n**2 - 6*n - 80. Let s be f(-16). Let w be 7 - s/(-24)*3. Calculate the highest common factor of w and 243.
9
Suppose m - 6*m = -35. Let h(l) = 7*l + 4*l + 8 + m*l + l**2 - 25*l. Let j be h(12). What is the highest common factor of j and 17?
17
Let d(l) = -l**2 + 12*l + 48. Let q be d(14). Suppose q = 7*o - 5*o. Calculate the highest common factor of 50 and o.
10
Suppose 2*a - 4*u + 176 = 6*a, 5*a + u - 240 = 0. Suppose 4*c - 3*g - 68 = 2*c, 36 = c - 2*g. Calculate the highest common factor of c and a.
7
Let r = 5 - 7. Let k(p) = -p**3 - 2*p**2 - 4*p - 4. Let x be k(r). Suppose -4*v = -5*f - 2 + 3, 3*v = -5*f + 8. What is the greatest common factor of x and f?
1
Let q = 1148 - 1145. Calculate the greatest common factor of q and 192.
3
Let a be -3 + ((-8)/12 - (-3080)/12). Let p = 297 - a. Calculate the greatest common factor of p and 33.
11
Let x be (-6 - 564/(-42))/((-2)/(-7)). Suppose -x*v + 32*v = 1122. Calculate the greatest common divisor of v and 17.
17
Let v be 8*(6/(-2) + 13/4). Suppose -7*j = -v*j - 10. Suppose -6 = h - j, h = o - 15. What is the greatest common divisor of o and 176?
11
Let h = -79 - -84. Suppose -q = -3*q, h*q + 35 = 5*u. What is the highest common divisor of u and 10?
1
Let f be (-117924)/(-44) + 18/(-198). Let m be 7/21 - f/(-24). What is the highest common factor of 32 and m?
16
Let b = -74 + 110. Let z = b - 8. Suppose 2*c - f = 10 - 0, z = 3*c + 5*f. What is the highest common divisor of c and 3?
3
Let u be (-105)/6*((-720)/50)/18. What is the greatest common divisor of u and 133?
7
Suppose 14 - 17 = -q. Suppose -2*x - j - 2*j = -69, -q*j - 111 = -4*x. What is the highest common divisor of x and 40?
10
Suppose 29*q - 4887 = -28*q - 4659. What is the greatest common factor of q and 3788?
4
Suppose 1247907 = 154*b + 302655. Calculate the greatest common divisor of b and 66.
66
Suppose 114*v = 603 + 12165. Calculate the greatest common factor of 64 and v.
16
Suppose -4*h = -2*d - h + 9, -5*h + 37 = d. Suppose 2*v - 564 = 2*r, -235*v - 1092 = -239*v - 2*r. What is the greatest common divisor of d and v?
12